6400 and 2312550?
150
Calculate the highest common divisor of 6204 and 191919189.
1551
Calculate the highest common factor of 64058089 and 43.
43
What is the highest common divisor of 5856 and 83228888?
488
Calculate the highest common factor of 22917590 and 35.
5
Calculate the highest common factor of 454 and 29660274.
454
Calculate the greatest common factor of 58237205 and 5200.
65
Calculate the highest common divisor of 9 and 2030085.
9
Calculate the highest common factor of 144706529 and 165.
11
Calculate the highest common divisor of 243 and 2989491.
3
Calculate the highest common factor of 11464638 and 67.
67
Calculate the highest common factor of 11206594 and 3966.
1322
Calculate the highest common factor of 8 and 4680652.
4
Calculate the greatest common factor of 197 and 4872401.
197
What is the highest common factor of 38646 and 266562932?
4294
Calculate the highest common divisor of 3450405 and 2975.
595
What is the highest common factor of 37636804 and 1192?
596
Calculate the highest common factor of 3691200 and 196800.
4800
Calculate the greatest common factor of 358250 and 46250.
250
Calculate the highest common divisor of 7014 and 4522694.
334
Calculate the greatest common factor of 27679 and 252221.
311
Calculate the highest common divisor of 1463 and 29244173.
133
Calculate the highest common factor of 60841655 and 3615.
1205
What is the highest common factor of 110445 and 470436?
597
What is the greatest common factor of 16 and 3576106?
2
What is the greatest common divisor of 1296 and 54763047?
81
What is the greatest common divisor of 31540 and 183825?
95
What is the highest common divisor of 1162569878 and 181?
181
Calculate the greatest common factor of 6235592 and 4543.
649
Calculate the greatest common factor of 20 and 33441740.
20
Calculate the highest common factor of 29826 and 17154.
18
Calculate the highest common factor of 2 and 1500862.
2
Calculate the highest common divisor of 12604332 and 1548.
516
Calculate the greatest common divisor of 442 and 34732802.
442
What is the highest common factor of 26228810 and 2330?
2330
Calculate the greatest common divisor of 46056 and 8285064.
456
What is the highest common factor of 3440553 and 3171087?
1389
What is the greatest common divisor of 758733 and 9?
3
What is the highest common divisor of 57225893 and 1818?
101
What is the highest common divisor of 909 and 118359?
9
Calculate the greatest common divisor of 141599 and 64586.
43
Calculate the greatest common divisor of 84035 and 982695.
1715
Calculate the highest common factor of 21303334 and 26.
26
Calculate the highest common factor of 1218 and 82844706.
1218
Calculate the greatest common factor of 2563956 and 67.
67
Calculate the highest common divisor of 173883456 and 65988.
5076
Calculate the highest common divisor of 87725 and 21425.
25
What is the highest common factor of 225929456 and 34?
34
What is the greatest common divisor of 29 and 130964319?
29
What is the greatest common factor of 2970 and 988470?
270
Calculate the highest common divisor of 38773281 and 8835.
1767
What is the greatest common divisor of 3185 and 22963213?
637
Calculate the greatest common divisor of 854854 and 2361359.
7007
What is the highest common divisor of 559076007 and 75810?
7581
What is the highest common factor of 165 and 495155265?
165
Calculate the highest common divisor of 1388855 and 622430.
4645
Calculate the highest common divisor of 35 and 236337675.
35
Calculate the highest common factor of 44415825 and 1775.
1775
What is the greatest common divisor of 262976805 and 210?
105
What is the highest common divisor of 18 and 3278712006?
18
What is the highest common divisor of 1043138 and 12388?
38
Calculate the highest common divisor of 48898927 and 2233.
77
What is the highest common divisor of 42097 and 4279?
11
Calculate the greatest common divisor of 8 and 13013480.
8
What is the greatest common factor of 78480224 and 4324?
188
What is the greatest common divisor of 145417591 and 1738?
869
Calculate the highest common factor of 45516556 and 372.
124
What is the greatest common factor of 539281946 and 14?
14
Calculate the highest common divisor of 9558 and 1227960.
162
What is the highest common factor of 543391 and 1849?
43
Calculate the highest common divisor of 2784380 and 83720.
460
Calculate the greatest common divisor of 1660030 and 105070.
190
What is the greatest common divisor of 30704 and 40888?
152
What is the greatest common factor of 285831 and 32280755?
4537
Calculate the greatest common factor of 498 and 6817952.
166
Calculate the greatest common divisor of 44522 and 6041884.
226
What is the highest common factor of 2112 and 22296?
24
What is the highest common divisor of 57167664 and 2960?
592
What is the greatest common factor of 197105 and 514290?
395
What is the highest common factor of 1262050 and 49450?
2150
What is the highest common factor of 8581020 and 1995?
105
Calculate the greatest common divisor of 472893 and 1483291.
557
What is the greatest common factor of 2395 and 224470?
5
What is the highest common divisor of 36731 and 24667262?
1597
Calculate the greatest common factor of 3831 and 1240247940.
3831
What is the greatest common factor of 296 and 7023155?
37
Calculate the highest common factor of 411 and 529167.
3
Calculate the greatest common divisor of 639475967 and 124.
31
What is the highest common divisor of 76 and 18?
2
What is the greatest common factor of 13927 and 210371?
733
What is the highest common factor of 12068 and 21077?
7
Calculate the greatest common factor of 74349 and 355707.
99
Calculate the greatest common divisor of 208466217 and 81.
81
Calculate the greatest common factor of 1500 and 30392000.
500
What is the greatest common factor of 7020 and 117715?
65
Calculate the highest common divisor of 494837 and 7.
7
Calculate the greatest common divisor of 24375 and 60411.
39
Calculate the highest common factor of 2515599 and 144.
9
Calculate the greatest common divisor of 405 and 23419260.
135
What is the greatest common divisor of 31213342 and 3875?
31
What is the highest common divisor of 11781024 and 192?
96
Calculate the highest common divisor of 34250318 and 2798.
2798
Calculate the greatest common factor of 1191143030 and 77.
77
Calculate the greatest common factor of 234518041 and 24708.
2059
What is the highest common factor of 113734304 and 76?
76
What is the greatest common factor of 89544 and 1649676?
3444
What is the greatest common factor of 833 and 737953867?
833
What is the greatest common divisor of 18778686 and 39?
3
Calculate the greatest common divisor of 426375 and 1245.
15
Calculate the greatest common divisor of 6 and 50080785.
3
What is the highest common divisor of 63 and 9803899?
7
What is the highest common divisor of 63342 and 206793?
1863
Calculate the highest common factor of 288 and 2098053.
9
Calculate the highest common factor of 13657000 and 22400.
1400
What is the greatest common divisor of 714 and 54642?
42
Calculate the greatest common divisor of 1981 and 54159.
7
What is the greatest common factor of 2035 and 2700621?
11
Calculate the greatest common divisor of 295 and 325615.
5
Calculate the greatest common factor of 861282339 and 3305.
661
Calculate the greatest common divisor of 49978160 and 80.
80
Calculate the greatest common divisor of 43129538 and 4906.
446
What is the greatest common factor of 3232 and 626656?
32
What is the greatest common divisor of 796346 and 185028?
1814
Calculate the highest common divisor of 1029145 and 845.
65
Calculate the highest common divisor of 76 and 25732156.
76
Calculate the greatest common divisor of 8 and 58903528.
8
What is the greatest common factor of 1725 and 12415975?
575
Calculate the highest common divisor of 33 and 4813699.
11
What is the highest common factor of 164514 and 595266?
42
What is the highest common divisor of 2732 and 439050158?
1366
What is the highest common divisor of 18848 and 40666792?
248
Calculate the highest common factor of 46830133 and 686.
343
Calculate the greatest common factor of 37237 and 357972.
23
What is the highest common divisor of 11655 and 122535?
315
What is the highest common factor of 25691 and 76902099?
1117
Calculate the greatest common divis